is the ten millions digit of 42168577?
4
What is the ten thousands digit of 1687041460?
4
What is the hundred millions digit of 910539686?
9
What is the thousands digit of 766874061?
4
What is the tens digit of 65716439?
3
What is the thousands digit of 179650779?
0
What is the ten millions digit of 530429180?
3
What is the thousands digit of 1741916563?
6
What is the units digit of 5444080168?
8
What is the millions digit of 29322592?
9
What is the hundred thousands digit of 81629957?
6
What is the thousands digit of 42569267?
9
What is the thousands digit of 4244956?
4
What is the tens digit of 4616675?
7
What is the billions digit of 2737792551?
2
What is the thousands digit of 1206846911?
6
What is the ten millions digit of 2150293605?
5
What is the tens digit of 2044215100?
0
What is the tens digit of 5727103556?
5
What is the hundred thousands digit of 4207300?
2
What is the tens digit of 40461162?
6
What is the hundred thousands digit of 54391691?
3
What is the tens digit of 19916101?
0
What is the hundred thousands digit of 883069445?
0
What is the ten thousands digit of 212351768?
5
What is the hundred millions digit of 8175969067?
1
What is the hundreds digit of 146031518?
5
What is the ten thousands digit of 559812498?
1
What is the tens digit of 3192621096?
9
What is the hundred thousands digit of 95586494?
5
What is the ten thousands digit of 155428866?
2
What is the tens digit of 226830824?
2
What is the hundred millions digit of 1598870433?
5
What is the tens digit of 4946810095?
9
What is the ten millions digit of 147285384?
4
What is the hundreds digit of 2015216369?
3
What is the units digit of 1387387901?
1
What is the tens digit of 412876477?
7
What is the hundred thousands digit of 52733482?
7
What is the units digit of 1137467073?
3
What is the thousands digit of 17767181?
7
What is the hundreds digit of 367390043?
0
What is the units digit of 46687138?
8
What is the tens digit of 128586785?
8
What is the units digit of 763276405?
5
What is the ten millions digit of 36545266?
3
What is the ten thousands digit of 14282840?
8
What is the units digit of 1376304715?
5
What is the ten thousands digit of 206866326?
6
What is the millions digit of 96474303?
6
What is the units digit of 359114660?
0
What is the hundred thousands digit of 3111456055?
4
What is the hundred millions digit of 717441856?
7
What is the tens digit of 1131757818?
1
What is the units digit of 86023599?
9
What is the hundred millions digit of 364983096?
3
What is the tens digit of 148008050?
5
What is the units digit of 749049556?
6
What is the ten thousands digit of 89424219?
2
What is the hundreds digit of 240844621?
6
What is the units digit of 398023747?
7
What is the thousands digit of 34579064?
9
What is the thousands digit of 186956092?
6
What is the millions digit of 110035349?
0
What is the hundred millions digit of 1183039672?
1
What is the millions digit of 60293192?
0
What is the hundreds digit of 778590284?
2
What is the units digit of 172198009?
9
What is the units digit of 129270868?
8
What is the millions digit of 43782223?
3
What is the millions digit of 1649907206?
9
What is the hundreds digit of 604853?
8
What is the hundreds digit of 169732544?
5
What is the ten millions digit of 67771329?
6
What is the hundreds digit of 140092504?
5
What is the tens digit of 1268446340?
4
What is the thousands digit of 368289523?
9
What is the tens digit of 1476701377?
7
What is the thousands digit of 2934310075?
0
What is the hundred millions digit of 206897726?
2
What is the tens digit of 635861876?
7
What is the ten millions digit of 899881573?
9
What is the hundreds digit of 37563484?
4
What is the millions digit of 653597690?
3
What is the ten millions digit of 45640170?
4
What is the ten thousands digit of 2190512041?
1
What is the hundreds digit of 355944022?
0
What is the tens digit of 75206973?
7
What is the ten thousands digit of 26699985?
9
What is the ten thousands digit of 771214577?
1
What is the ten thousands digit of 75084408?
8
What is the hundred thousands digit of 38842845?
8
What is the tens digit of 87851274?
7
What is the units digit of 722348018?
8
What is the hundreds digit of 1714671294?
2
What is the ten millions digit of 447001997?
4
What is the hundreds digit of 397989012?
0
What is the hundreds digit of 26368738?
7
What is the units digit of 1081258614?
4
What is the units digit of 14921854?
4
What is the units digit of 4101873?
3
What is the hundred thousands digit of 122203715?
2
What is the ten millions digit of 168591679?
6
What is the millions digit of 28594099?
8
What is the ten thousands digit of 57837198?
3
What is the tens digit of 1105501670?
7
What is the units digit of 248895579?
9
What is the tens digit of 181075979?
7
What is the tens digit of 33548364?
6
What is the millions digit of 80393322?
0
What is the units digit of 163000645?
5
What is the units digit of 42111754?
4
What is the units digit of 8076358?
8
What is the hundred thousands digit of 5160322635?
3
What is the units digit of 370217120?
0
What is the hundreds digit of 734187590?
5
What is the thousands digit of 119416351?
6
What is the hundred millions digit of 493768101?
4
What is the hundreds digit of 373654376?
3
What is the ten millions digit of 113592463?
1
What is the ten millions digit of 129085862?
2
What is the millions digit of 2076254478?
6
What is the hundreds digit of 320758042?
0
What is the hundred millions digit of 281992835?
2
What is the hundreds digit of 85449602?
6
What is the tens digit of 732630218?
1
What is the millions digit of 59619082?
9
What is the thousands digit of 98934633?
4
What is the tens digit of 1130172663?
6
What is the tens digit of 427623413?
1
What is the millions digit of 99849259?
9
What is the units digit of 703208052?
2
What is the thousands digit of 319076908?
6
What is the ten thousands digit of 2003609457?
0
What is the thousands digit of 647889152?
9
What is the tens digit of 709281618?
1
What is the hundred thousands digit of 915498237?
4
What is the hundreds digit of 1653480610?
6
What is the ten thousands digit of 99776470?
7
What is the ten millions digit of 20127953?
2
What is the hundred millions digit of 349335873?
3
What is the tens digit of 1057666818?
1
What is the hundred thousands digit of 402519310?
5
What is the millions digit of 51081888?
1
What is the hundred thousands digit of 127861598?
8
What is the hundred thousands digit of 17766068?
7
What is the units digit of 350256527?
7
What is the ten thousands digit of 71049809?
4
What is the tens digit of 27203595?
9
What is the millions digit of 803085318?
3
What is the billions digit of 2577464742?
2
What is the ten thousands digit of 1026967561?
6
What is the ten thousands digit of 326241304?
4
What is the hundred millions digit of 3291731781?
2
What is the hundred thousands digit of 45924236?
9
What is the hundred thousands digit of 61013282?
0
What is the tens digit of 54243697?
9
What is the hundred millions digit of 105588595?
1
What is the millions digit of 52030625?
2
What is the units digit of 148319480?
0
What is the hundreds digit of 3150848156?
1
What is the hundred thousands digit of 48210549?
2
What is the billions digit of 3641526387?
3
What is the ten thousands digit of 3134706488?
0
What is the hundred millions digit of 208558129?
2
What is the hundreds digit of 49010044?
0
What is the ten thousands digit of 127271640?
7
What is the billions digit of 2572704671?
2
What is the units digit of 43388123?
3
What is the units digit of 606544224?
4
What is the tens digit of 9043202?
0
What is the units digit of 227538880?
0
What is the ten thousands digit of 61385300?
8
What is the ten thousands digit of 110067539?
6
What is the tens digit of 161757628?
2
What is the millions digit of 67533675?
7
What is the billions digit of 1212063351?
1
What is the hundreds digit of 57869522?
5
What is the units digit of 1039513386?
6
What is the units digit of 1574692444?
4
What is the thousands digit of 728114556?
4
What is the units digit of 138048686?
6
What is the billions digit of 1276464290?
1
What is the hundred millions digit of 458014639?
4
What is the hundred millions digit of 1019799816?
0
What is the hundred thousands dig